vided by 392528?
237
Calculate the remainder when 170500173 is divided by 1386.
1383
What is the remainder when 27979 is divided by 6661?
1335
Calculate the remainder when 611522 is divided by 2232.
2186
Calculate the remainder when 83726 is divided by 111.
32
Calculate the remainder when 1757613 is divided by 142.
79
Calculate the remainder when 20398242 is divided by 1191.
1176
Calculate the remainder when 1382267 is divided by 6551.
6
What is the remainder when 95256046 is divided by 28?
18
What is the remainder when 55585 is divided by 55552?
33
Calculate the remainder when 2661124 is divided by 3442.
458
What is the remainder when 1216669 is divided by 526?
31
What is the remainder when 2072748 is divided by 1854?
1830
Calculate the remainder when 4853405 is divided by 997.
9
Calculate the remainder when 117553 is divided by 290.
103
Calculate the remainder when 5107 is divided by 276.
139
Calculate the remainder when 67907 is divided by 771.
59
Calculate the remainder when 321058 is divided by 9010.
5708
What is the remainder when 2648275 is divided by 2823?
301
What is the remainder when 889642 is divided by 12?
10
Calculate the remainder when 300464291 is divided by 919.
917
Calculate the remainder when 1066110 is divided by 5125.
110
Calculate the remainder when 27557099 is divided by 3.
2
Calculate the remainder when 1761056 is divided by 1754.
40
Calculate the remainder when 19933486 is divided by 2.
0
What is the remainder when 438075 is divided by 44?
11
Calculate the remainder when 34692106 is divided by 2944.
10
What is the remainder when 47847 is divided by 15890?
177
Calculate the remainder when 26853 is divided by 917.
260
Calculate the remainder when 378099 is divided by 188651.
797
What is the remainder when 404712 is divided by 47?
42
Calculate the remainder when 9626080 is divided by 315.
310
What is the remainder when 39621617 is divided by 3962153?
87
Calculate the remainder when 728342 is divided by 66151.
681
Calculate the remainder when 353670 is divided by 5358.
42
What is the remainder when 61669 is divided by 66?
25
What is the remainder when 266439 is divided by 17644?
1779
Calculate the remainder when 10190703 is divided by 447.
444
Calculate the remainder when 6517842 is divided by 1525.
1517
What is the remainder when 18474 is divided by 4563?
222
Calculate the remainder when 56223094 is divided by 28.
18
Calculate the remainder when 1301868 is divided by 324895.
2288
What is the remainder when 2264579 is divided by 11?
9
What is the remainder when 1174956 is divided by 10592?
9836
What is the remainder when 400347 is divided by 940?
847
Calculate the remainder when 1423641 is divided by 29659.
9
What is the remainder when 680371 is divided by 2290?
241
What is the remainder when 77447757 is divided by 52?
49
Calculate the remainder when 1161921 is divided by 31.
10
Calculate the remainder when 404048 is divided by 1401.
560
What is the remainder when 246454355 is divided by 1226141?
14
Calculate the remainder when 772103352 is divided by 15.
12
Calculate the remainder when 4839289 is divided by 2464.
2457
Calculate the remainder when 700642 is divided by 3630.
52
What is the remainder when 2296 is divided by 180?
136
Calculate the remainder when 17196997 is divided by 1832.
13
Calculate the remainder when 957595 is divided by 2090.
375
What is the remainder when 166483 is divided by 165902?
581
What is the remainder when 537245 is divided by 9579?
821
What is the remainder when 5703113 is divided by 485?
483
Calculate the remainder when 443392 is divided by 615.
592
Calculate the remainder when 155285 is divided by 51226.
1607
What is the remainder when 39107613 is divided by 125?
113
Calculate the remainder when 928267 is divided by 34.
33
What is the remainder when 2361134 is divided by 1180276?
582
Calculate the remainder when 2053391 is divided by 1035.
986
Calculate the remainder when 1362111 is divided by 4882.
33
Calculate the remainder when 4374978 is divided by 2968.
146
Calculate the remainder when 112746 is divided by 4476.
846
What is the remainder when 777159 is divided by 6024?
63
Calculate the remainder when 123835 is divided by 41254.
73
Calculate the remainder when 936585 is divided by 14.
13
What is the remainder when 5629792 is divided by 97?
9
Calculate the remainder when 205672 is divided by 102726.
220
Calculate the remainder when 18085 is divided by 5197.
2494
What is the remainder when 90358 is divided by 45014?
330
Calculate the remainder when 45375711 is divided by 15125237.
0
Calculate the remainder when 94468 is divided by 116.
44
Calculate the remainder when 7835 is divided by 1935.
95
Calculate the remainder when 6128640 is divided by 68096.
0
Calculate the remainder when 3209590 is divided by 1604485.
620
Calculate the remainder when 4087565 is divided by 29.
15
What is the remainder when 830935 is divided by 2234?
2121
Calculate the remainder when 2098580 is divided by 699453.
221
Calculate the remainder when 31416161 is divided by 116.
113
Calculate the remainder when 2472291 is divided by 1936.
19
Calculate the remainder when 11193359 is divided by 103642.
23
What is the remainder when 4940539 is divided by 1107?
1105
What is the remainder when 494619 is divided by 12062?
77
What is the remainder when 292235 is divided by 20?
15
Calculate the remainder when 93175013 is divided by 134.
123
Calculate the remainder when 25430069 is divided by 747943.
7
Calculate the remainder when 334065 is divided by 30361.
94
Calculate the remainder when 2886948 is divided by 11.
9
Calculate the remainder when 1518316 is divided by 86.
72
Calculate the remainder when 408514 is divided by 1297.
1256
Calculate the remainder when 71015 is divided by 70674.
341
Calculate the remainder when 24676 is divided by 1293.
109
What is the remainder when 925829 is divided by 10877?
1284
What is the remainder when 132120 is divided by 43878?
486
Calculate the remainder when 175354 is divided by 1460.
154
Calculate the remainder when 33731 is divided by 33613.
118
What is the remainder when 609218 is divided by 41?
40
Calculate the remainder when 585024 is divided by 404.
32
Calculate the remainder when 24510483 is divided by 154.
151
What is the remainder when 31043838 is divided by 229?
140
What is the remainder when 1043313 is divided by 1811?
177
What is the remainder when 108823 is divided by 1084?
423
What is the remainder when 848032 is divided by 3054?
2074
Calculate the remainder when 2336507 is divided by 1663.
1655
Calculate the remainder when 116272 is divided by 16595.
107
What is the remainder when 39779 is divided by 478?
105
Calculate the remainder when 13071 is divided by 12316.
755
Calculate the remainder when 5297835 is divided by 109.
108
What is the remainder when 6055318 is divided by 526?
6
Calculate the remainder when 6318256 is divided by 1693.
1673
Calculate the remainder when 38146940 is divided by 63.
62
Calculate the remainder when 42203424 is divided by 2637714.
0
Calculate the remainder when 17108082 is divided by 202.
96
Calculate the remainder when 285582 is divided by 47553.
264
Calculate the remainder when 445464 is divided by 222607.
250
Calculate the remainder when 238297 is divided by 413.
409
What is the remainder when 4857667 is divided by 7272?
7243
Calculate the remainder when 46202380 is divided by 9272.
4
Calculate the remainder when 578417 is divided by 2410.
17
Calculate the remainder when 2483279 is divided by 1518.
1349
Calculate the remainder when 255392144 is divided by 1289.
1285
Calculate the remainder when 2580141 is divided by 241.
236
Calculate the remainder when 2375758 is divided by 4190.
28
What is the remainder when 73336 is divided by 22945?
4501
What is the remainder when 4653640 is divided by 42?
40
Calculate the remainder when 670207317 is divided by 1845.
1842
Calculate the remainder when 3807066 is divided by 237940.
26
Calculate the remainder when 26500 is divided by 4315.
610
What is the remainder when 242207 is divided by 48435?
32
What is the remainder when 19781 is divided by 98?
83
Calculate the remainder when 16643132 is divided by 775.
7
What is the remainder when 91834 is divided by 1094?
1032
What is the remainder when 44823 is d